{"id":2974,"date":"2024-04-03T14:01:14","date_gmt":"2024-04-03T14:01:14","guid":{"rendered":"https:\/\/3blocksproductions.com\/?page_id=2974"},"modified":"2024-12-18T11:24:06","modified_gmt":"2024-12-18T11:24:06","slug":"grabacion-con-drones","status":"publish","type":"page","link":"https:\/\/loovweddingfilms.com\/?page_id=2974","title":{"rendered":"Fotograf\u00eda en directo IA"},"content":{"rendered":"<div class=\"wpb-content-wrapper\"><p>[vc_row][vc_column width=\u00bb1\/4&#8243;][\/vc_column][vc_column width=\u00bb1\/2&#8243;][vc_custom_heading heading_style=\u00bbheading_style_1&#8243; text=\u00bbFOTOGRAF\u00cdA DIRECTO IA\u00bb font_container=\u00bbtag:h1|font_size:30|text_align:left|color:%230a0a0a\u00bb google_fonts=\u00bbfont_family:Roboto%3A100%2C100italic%2C300%2C300italic%2Cregular%2Citalic%2C500%2C500italic%2C700%2C700italic%2C900%2C900italic|font_style:700%20bold%20regular%3A700%3Anormal\u00bb][vc_custom_heading text=\u00bb\u00bfTe gustar\u00eda ver todas las fotos y videos en los que est\u00e1s presente sin tener que buscarlas una por una? Con nuestra tecnolog\u00eda avanzada, simplemente colocando tu rostro en el sistema, podremos mostrarte todas las im\u00e1genes en las que has sido captado a lo largo del evento.\u00bb font_container=\u00bbtag:h2|font_size:18|text_align:justify|color:%230a0a0a|line_height:1.5&#8243; google_fonts=\u00bbfont_family:Roboto%3A100%2C100italic%2C300%2C300italic%2Cregular%2Citalic%2C500%2C500italic%2C700%2C700italic%2C900%2C900italic|font_style:400%20regular%3A400%3Anormal\u00bb][vc_separator color=\u00bbwhite\u00bb][\/vc_column][vc_column width=\u00bb1\/4&#8243;][\/vc_column][\/vc_row][vc_row][vc_column offset=\u00bbvc_hidden-xs\u00bb]                        <div class=\"  \">\n                <div class=\"footer-gallery-shortcode-wrapper style_1 \">\n    <div class=\"footer-gallery-content\">\n        <ul class=\"image-list columns-4\">\n                                                    <li>\n                        <img decoding=\"async\" src=\"\" alt=\"Fashion Films\">\n                    <\/li>\n                                                                        <li>\n                        <img decoding=\"async\" src=\"\" alt=\"Fashion Films\">\n                    <\/li>\n                                                                        <li>\n                        <img decoding=\"async\" src=\"\" alt=\"Fashion Films\">\n                    <\/li>\n                                                                        <li>\n                        <img decoding=\"async\" src=\"\" alt=\"Fashion Films\">\n                    <\/li>\n                                        <\/ul>\n    <\/div>\n<\/div>            <\/div>\n                    [\/vc_column][\/vc_row][vc_row full_width=\u00bbstretch_row_content\u00bb][vc_column offset=\u00bbvc_hidden-lg vc_hidden-md vc_hidden-sm\u00bb][vc_single_image image=\u00bb2981&#8243; img_size=\u00bbfull\u00bb alignment=\u00bbcenter\u00bb][vc_single_image image=\u00bb2982&#8243; img_size=\u00bbfull\u00bb alignment=\u00bbcenter\u00bb][vc_single_image image=\u00bb2987&#8243; img_size=\u00bbfull\u00bb alignment=\u00bbcenter\u00bb][vc_single_image image=\u00bb2986&#8243; img_size=\u00bbfull\u00bb alignment=\u00bbcenter\u00bb][\/vc_column][\/vc_row]<\/p>\n<\/div>","protected":false},"excerpt":{"rendered":"<p>[vc_row][vc_column width=\u00bb1\/4&#8243;][\/vc_column][vc_column width=\u00bb1\/2&#8243;][vc_custom_heading heading_style=\u00bbheading_style_1&#8243; text=\u00bbFOTOGRAF\u00cdA DIRECTO IA\u00bb font_container=\u00bbtag:h1|font_size:30|text_align:left|color:%230a0a0a\u00bb google_fonts=\u00bbfont_family:Roboto%3A100%2C100italic%2C300%2C300italic%2Cregular%2Citalic%2C500%2C500italic%2C700%2C700italic%2C900%2C900italic|font_style:700%20bold%20regular%3A700%3Anormal\u00bb][vc_custom_heading text=\u00bb\u00bfTe gustar\u00eda ver todas las fotos y videos en los que est\u00e1s presente sin tener que buscarlas una por una? Con nuestra tecnolog\u00eda avanzada, simplemente colocando tu rostro en el sistema, podremos mostrarte todas las im\u00e1genes en las que has sido captado a lo largo del [&hellip;]<\/p>\n","protected":false},"author":2,"featured_media":0,"parent":0,"menu_order":0,"comment_status":"closed","ping_status":"closed","template":"","meta":{"footnotes":""},"class_list":["post-2974","page","type-page","status-publish","hentry","clearfix"],"_links":{"self":[{"href":"https:\/\/loovweddingfilms.com\/index.php?rest_route=\/wp\/v2\/pages\/2974","targetHints":{"allow":["GET"]}}],"collection":[{"href":"https:\/\/loovweddingfilms.com\/index.php?rest_route=\/wp\/v2\/pages"}],"about":[{"href":"https:\/\/loovweddingfilms.com\/index.php?rest_route=\/wp\/v2\/types\/page"}],"author":[{"embeddable":true,"href":"https:\/\/loovweddingfilms.com\/index.php?rest_route=\/wp\/v2\/users\/2"}],"replies":[{"embeddable":true,"href":"https:\/\/loovweddingfilms.com\/index.php?rest_route=%2Fwp%2Fv2%2Fcomments&post=2974"}],"version-history":[{"count":16,"href":"https:\/\/loovweddingfilms.com\/index.php?rest_route=\/wp\/v2\/pages\/2974\/revisions"}],"predecessor-version":[{"id":3767,"href":"https:\/\/loovweddingfilms.com\/index.php?rest_route=\/wp\/v2\/pages\/2974\/revisions\/3767"}],"wp:attachment":[{"href":"https:\/\/loovweddingfilms.com\/index.php?rest_route=%2Fwp%2Fv2%2Fmedia&parent=2974"}],"curies":[{"name":"wp","href":"https:\/\/api.w.org\/{rel}","templated":true}]}}