{"id":2917,"date":"2024-04-02T20:04:59","date_gmt":"2024-04-02T20:04:59","guid":{"rendered":"https:\/\/3blocksproductions.com\/?page_id=2917"},"modified":"2024-12-18T11:19:10","modified_gmt":"2024-12-18T11:19:10","slug":"grabacion-con-drones","status":"publish","type":"page","link":"https:\/\/loovweddingfilms.com\/?page_id=2917","title":{"rendered":"Fotograf\u00eda en directo"},"content":{"rendered":"<div class=\"wpb-content-wrapper\"><p>[vc_row][vc_column width=\u00bb1\/4&#8243;][\/vc_column][vc_column width=\u00bb1\/2&#8243;][vc_custom_heading heading_style=\u00bbheading_style_1&#8243; text=\u00bbFOTOGRAF\u00cdA EN DIRECTO\u00bb font_container=\u00bbtag:h1|font_size:30|text_align:left|color:%230a0a0a\u00bb google_fonts=\u00bbfont_family:Roboto%3A100%2C100italic%2C300%2C300italic%2Cregular%2Citalic%2C500%2C500italic%2C700%2C700italic%2C900%2C900italic|font_style:700%20bold%20regular%3A700%3Anormal\u00bb][vc_custom_heading text=\u00bbNuestro servicio de fotograf\u00eda en directo es ideal para que todos los invitados tengan un recuerdo f\u00edsico que llevarse el mismo d\u00eda, ya que ofrecemos cobertura desde 200 fotograf\u00edas, ampliable a 800.<br \/>\nUn fot\u00f3grafo exclusivo para este cometido, cubrir\u00e1 desde la entrada de todos los invitados hasta el aperitivo. A continuaci\u00f3n editara e imprimir\u00e1 las fotograf\u00edas para colgarlas en nuestro expositor improvisado y que todos los invitados puedan llev\u00e1rselas.<br \/>\nRecuerda que puedes incluir, tus carpetas personalizadas.\u00bb font_container=\u00bbtag:h2|font_size:18|text_align:justify|color:%230a0a0a|line_height:1.5&#8243; google_fonts=\u00bbfont_family:Roboto%3A100%2C100italic%2C300%2C300italic%2Cregular%2Citalic%2C500%2C500italic%2C700%2C700italic%2C900%2C900italic|font_style:400%20regular%3A400%3Anormal\u00bb][vc_separator color=\u00bbwhite\u00bb][\/vc_column][vc_column width=\u00bb1\/4&#8243;][\/vc_column][\/vc_row][vc_row][vc_column offset=\u00bbvc_hidden-xs\u00bb]                        <div class=\"  \">\n                <div class=\"footer-gallery-shortcode-wrapper style_1 \">\n    <div class=\"footer-gallery-content\">\n        <ul class=\"image-list columns-3\">\n                                                    <li>\n                        <img decoding=\"async\" src=\"https:\/\/loovweddingfilms.com\/wp-content\/uploads\/2024\/12\/PRP-LOOV-CONVITE-INSTAGRAM-313.jpg\" alt=\"V\u00eddeo corporativo\">\n                    <\/li>\n                                                                        <li>\n                        <img decoding=\"async\" src=\"https:\/\/loovweddingfilms.com\/wp-content\/uploads\/2024\/12\/PRP-LOOV-CONVITE-INSTAGRAM-243-1.jpg\" alt=\"V\u00eddeo corporativo\">\n                    <\/li>\n                                                                        <li>\n                        <img decoding=\"async\" src=\"https:\/\/loovweddingfilms.com\/wp-content\/uploads\/2024\/12\/PRP-LOOV-CONVITE-INSTAGRAM-307.jpg\" alt=\"V\u00eddeo corporativo\">\n                    <\/li>\n                                        <\/ul>\n    <\/div>\n<\/div>            <\/div>\n                    [\/vc_column][\/vc_row][vc_row][vc_column offset=\u00bbvc_hidden-lg vc_hidden-md vc_hidden-sm\u00bb][vc_single_image image=\u00bb2918&#8243; img_size=\u00bbfull\u00bb][vc_single_image image=\u00bb2929&#8243; img_size=\u00bbfull\u00bb][vc_single_image image=\u00bb2928&#8243; img_size=\u00bbfull\u00bb][\/vc_column][\/vc_row]<\/p>\n<\/div>","protected":false},"excerpt":{"rendered":"<p>[vc_row][vc_column width=\u00bb1\/4&#8243;][\/vc_column][vc_column width=\u00bb1\/2&#8243;][vc_custom_heading heading_style=\u00bbheading_style_1&#8243; text=\u00bbFOTOGRAF\u00cdA EN DIRECTO\u00bb font_container=\u00bbtag:h1|font_size:30|text_align:left|color:%230a0a0a\u00bb google_fonts=\u00bbfont_family:Roboto%3A100%2C100italic%2C300%2C300italic%2Cregular%2Citalic%2C500%2C500italic%2C700%2C700italic%2C900%2C900italic|font_style:700%20bold%20regular%3A700%3Anormal\u00bb][vc_custom_heading text=\u00bbNuestro servicio de fotograf\u00eda en directo es ideal para que todos los invitados tengan un recuerdo f\u00edsico que llevarse el mismo d\u00eda, ya que ofrecemos cobertura desde 200 fotograf\u00edas, ampliable a 800. Un fot\u00f3grafo exclusivo para este cometido, cubrir\u00e1 desde la entrada de todos los invitados [&hellip;]<\/p>\n","protected":false},"author":2,"featured_media":0,"parent":0,"menu_order":0,"comment_status":"closed","ping_status":"closed","template":"","meta":{"footnotes":""},"class_list":["post-2917","page","type-page","status-publish","hentry","clearfix"],"_links":{"self":[{"href":"https:\/\/loovweddingfilms.com\/index.php?rest_route=\/wp\/v2\/pages\/2917","targetHints":{"allow":["GET"]}}],"collection":[{"href":"https:\/\/loovweddingfilms.com\/index.php?rest_route=\/wp\/v2\/pages"}],"about":[{"href":"https:\/\/loovweddingfilms.com\/index.php?rest_route=\/wp\/v2\/types\/page"}],"author":[{"embeddable":true,"href":"https:\/\/loovweddingfilms.com\/index.php?rest_route=\/wp\/v2\/users\/2"}],"replies":[{"embeddable":true,"href":"https:\/\/loovweddingfilms.com\/index.php?rest_route=%2Fwp%2Fv2%2Fcomments&post=2917"}],"version-history":[{"count":27,"href":"https:\/\/loovweddingfilms.com\/index.php?rest_route=\/wp\/v2\/pages\/2917\/revisions"}],"predecessor-version":[{"id":3761,"href":"https:\/\/loovweddingfilms.com\/index.php?rest_route=\/wp\/v2\/pages\/2917\/revisions\/3761"}],"wp:attachment":[{"href":"https:\/\/loovweddingfilms.com\/index.php?rest_route=%2Fwp%2Fv2%2Fmedia&parent=2917"}],"curies":[{"name":"wp","href":"https:\/\/api.w.org\/{rel}","templated":true}]}}